{"id":40,"date":"2019-08-13T12:00:22","date_gmt":"2019-08-13T10:00:22","guid":{"rendered":"http:\/\/w509mfanf.homepage.t-online.de\/wordpress\/?page_id=40"},"modified":"2021-04-08T12:53:45","modified_gmt":"2021-04-08T10:53:45","slug":"aktuelles","status":"publish","type":"page","link":"https:\/\/www.exner-firmenbetreuung.de\/?page_id=40","title":{"rendered":"Aktuelles"},"content":{"rendered":"\n<h2><a href=\"https:\/\/www.exner-firmenbetreuung.de\/?page_id=401\">Modulbaukasten &#8211; Herzensbusiness<\/a><\/h2>\n\n\n\n<p>Seit wenigen Tagen ist das Angebot meines <strong><a href=\"https:\/\/www.exner-firmenbetreuung.de\/?page_id=401\">Modulbaukastens<\/a><\/strong><a href=\"https:\/\/www.exner-firmenbetreuung.de\/?page_id=401\"><strong>-Herzensbusiness<\/strong><\/a> fertig. Du findest ihn unter meinem Coaching-Reiter oder direkt <a href=\"https:\/\/www.exner-firmenbetreuung.de\/?page_id=401\"><strong>hier<\/strong><\/a>.<br>Wenn Dir einzelne Bereiche Deiner neuen, sehr eigenverantwortlichen T\u00e4tigkeit nicht ganz klar sind, oder wenn Du Fragen zu bestimmten Aufgabengebieten hast, ist dieses System ein praktisches <a href=\"https:\/\/www.exner-firmenbetreuung.de\/?page_id=401\"><strong>&#8222;Helferlein&#8220;<\/strong><\/a>. Nat\u00fcrlich kannst Du auch alle Module belegen. Sieh Dir <a href=\"https:\/\/www.exner-firmenbetreuung.de\/?page_id=401\"><strong>meinen Baukasten<\/strong><\/a> an.<\/p>\n\n\n\n<div style=\"height:20px\" aria-hidden=\"true\" class=\"wp-block-spacer\"><\/div>\n\n\n\n<hr class=\"wp-block-separator\"\/>\n\n\n\n<h2>Kurz und b\u00fcndig &#8211; unbedingt beachten!<\/h2>\n\n\n\n<hr class=\"wp-block-separator\"\/>\n\n\n\n<h4>1. Was muss zwingend in Deine gesch\u00e4ftlichen E-Mails?<\/h4>\n\n\n\n<p>Du wei\u00dft es selbst: Heute wird ein gro\u00dfer Teil der Gesch\u00e4ftspost per Mail abgewickelt. Das spart Kosten, Arbeitszeit, Papier und Archive. F\u00fcr Deine dienstlichen Mails gibt es Vorschriften, deren Nichteinhaltung \u00c4rger machen kann. In Deine gesch\u00e4ftlichen Mails <strong>m\u00fcssen<\/strong> folgenden Abgaben:<\/p>\n\n\n\n<ul><li>Dein <strong>vollst\u00e4ndiger Firmenname<\/strong>, der mit dem im Handelsregister eingetragenen w\u00f6rtlich \u00fcbereinstimmen muss,<\/li><li>Die <strong>Rechtsform Deiner Gesellschaft<\/strong><\/li><li>Der <strong>Sitz Deiner Gesellschaft<\/strong><\/li><li>Das <strong>Registergericht<\/strong> und die <strong>Handelsregisternummer<\/strong><\/li><li>Alle <strong>Gesch\u00e4ftsf\u00fchrer<\/strong> mit Vor- und Zunamen und<\/li><li>Eine ladungsf\u00e4hige <strong>Anschrift<\/strong>, also eine Adresse, unter der Du pers\u00f6nlich erreichbar bist (Dies gilt insbesondere f\u00fcr Freiberufler und Kleinunternehmer.)<\/li><\/ul>\n\n\n\n<hr class=\"wp-block-separator\"\/>\n\n\n\n<h4>2. Die Rechte Deiner Kunden<\/h4>\n\n\n\n<p>Wahrscheinlich kennst Du diese l\u00e4ngst. Damit es keine Unklarheiten gibt, hier eine Auflistung zum Nachsehen, <strong>&#8222;kurz und b\u00fcndig&#8220;<\/strong> eben:<\/p>\n\n\n\n<ul><li>Die\/Deine <strong>Gew\u00e4hrleistung<\/strong> f\u00fcr neue Ware betr\u00e4gt zwei Jahre.<\/li><li>Die zweij\u00e4hrige <strong>Gew\u00e4hrleistung<\/strong> ist auch f\u00fcr <strong>gebrauchte Ware<\/strong> m\u00f6glich &#8211; denke an den Kauf von Gebrauchtwagen.<\/li><li>Handwerker und Dienstleister <strong>haften<\/strong> zwei Jahre, am Bau f\u00fcnf Jahre f\u00fcr ihre Arbeit.<\/li><li>Dienstleister <strong>haften<\/strong> drei Jahre f\u00fcr ihre Arbeit.<\/li><li>Treten innerhalb von sechs Monaten nach dem Kauf des Produktes M\u00e4ngel auf, tr\u00e4gst Du als Unternehmer die Beweislast daf\u00fcr, dass Du ein einwandfreies Produkt verkauft hast.<\/li><li>Bei auftretenden M\u00e4ngeln nach Ablauf von sechs Monaten liegt die Beweislast beim Kunden.<\/li><li>Der Kunde hat Anspruch auf Ersatz oder kostenfreie Reparatur. Wenn Reparatur oder Ersatzlieferung zweimal scheitern, kann der Kunde eine Minderung des Kaufpreises oder sogar die Vertragsaufl\u00f6sung verlangen.<\/li><li>Verf\u00fcgt das Produkt nicht \u00fcber die Eigenschaften, mit denen es beworben wurde, gilt dies als Sachmangel und l\u00f6st Gew\u00e4hrleistungsanspr\u00fcche des Kunden aus.<\/li><li>Fehlerhafte oder unverst\u00e4ndliche Montageanleitungen gelten als Sachmangel.<\/li><\/ul>\n\n\n\n<hr class=\"wp-block-separator\"\/>\n\n\n\n<p><strong>Eine hervorragende Informationsquelle f\u00fcr Selbstst\u00e4ndige und Kleinunternehmer bietet der VNR Verlag f\u00fcr Deutsche Wirtschaft mit seinem monatlich erscheinenden Magazin &#8222;Selbst\u00e4ndig heute&#8220;.<\/strong><\/p>\n\n\n\n<p>Im Internet ist diese Verlagsseite zu finden unter:  <a rel=\"noreferrer noopener\" aria-label=\"www.selbststaendig-heute.de (\u00f6ffnet in neuem Tab)\" href=\"http:\/\/www.selbststaendig-heute.de\" target=\"_blank\"><strong>www.selbststaendig-heute.de<\/strong><\/a><\/p>\n\n\n\n<p>Willst Du selbst das Magazin abonnieren, geht das mithilfe der beiden folgenden Nummern:<\/p>\n\n\n\n<p>Tel.: 0228 9550 145<br>Fax: 0228 3696 480<\/p>\n\n\n\n<p>oder einer E-Mail an diese Adresse:<strong> <\/strong><a rel=\"noreferrer noopener\" aria-label=\"kundenservice@vnr.de (\u00f6ffnet in neuem Tab)\" href=\"mailto:kundenservice@vnr.de\" target=\"_blank\"><strong>kundenservice@vnr.de<\/strong><\/a><\/p>\n\n\n\n<hr class=\"wp-block-separator\"\/>\n","protected":false},"excerpt":{"rendered":"<p>Modulbaukasten &#8211; Herzensbusiness Seit wenigen Tagen ist das Angebot meines Modulbaukastens-Herzensbusiness fertig. Du findest ihn unter meinem Coaching-Reiter oder direkt hier.Wenn Dir einzelne Bereiche Deiner neuen, sehr eigenverantwortlichen T\u00e4tigkeit nicht ganz klar sind, oder wenn Du Fragen zu bestimmten Aufgabengebieten hast, ist dieses System ein praktisches &#8222;Helferlein&#8220;. Nat\u00fcrlich kannst Du auch alle Module belegen. Sieh <a class=\"read-more\" href=\"https:\/\/www.exner-firmenbetreuung.de\/?page_id=40\">Read More<\/a><\/p>\n","protected":false},"author":1,"featured_media":0,"parent":0,"menu_order":0,"comment_status":"closed","ping_status":"closed","template":"","meta":[],"_links":{"self":[{"href":"https:\/\/www.exner-firmenbetreuung.de\/index.php?rest_route=\/wp\/v2\/pages\/40"}],"collection":[{"href":"https:\/\/www.exner-firmenbetreuung.de\/index.php?rest_route=\/wp\/v2\/pages"}],"about":[{"href":"https:\/\/www.exner-firmenbetreuung.de\/index.php?rest_route=\/wp\/v2\/types\/page"}],"author":[{"embeddable":true,"href":"https:\/\/www.exner-firmenbetreuung.de\/index.php?rest_route=\/wp\/v2\/users\/1"}],"replies":[{"embeddable":true,"href":"https:\/\/www.exner-firmenbetreuung.de\/index.php?rest_route=%2Fwp%2Fv2%2Fcomments&post=40"}],"version-history":[{"count":16,"href":"https:\/\/www.exner-firmenbetreuung.de\/index.php?rest_route=\/wp\/v2\/pages\/40\/revisions"}],"predecessor-version":[{"id":464,"href":"https:\/\/www.exner-firmenbetreuung.de\/index.php?rest_route=\/wp\/v2\/pages\/40\/revisions\/464"}],"wp:attachment":[{"href":"https:\/\/www.exner-firmenbetreuung.de\/index.php?rest_route=%2Fwp%2Fv2%2Fmedia&parent=40"}],"curies":[{"name":"wp","href":"https:\/\/api.w.org\/{rel}","templated":true}]}}

<h2><a href="https://www.exner-firmenbetreuung.de/?page_id=401">Modulbaukasten &#8211; Herzensbusiness</a></h2>



<p>Seit wenigen Tagen ist das Angebot meines <strong><a href="https://www.exner-firmenbetreuung.de/?page_id=401">Modulbaukastens</a></strong><a href="https://www.exner-firmenbetreuung.de/?page_id=401"><strong>-Herzensbusiness</strong></a> fertig. Du findest ihn unter meinem Coaching-Reiter oder direkt <a href="https://www.exner-firmenbetreuung.de/?page_id=401"><strong>hier</strong></a>.<br>Wenn Dir einzelne Bereiche Deiner neuen, sehr eigenverantwortlichen Tätigkeit nicht ganz klar sind, oder wenn Du Fragen zu bestimmten Aufgabengebieten hast, ist dieses System ein praktisches <a href="https://www.exner-firmenbetreuung.de/?page_id=401"><strong>&#8222;Helferlein&#8220;</strong></a>. Natürlich kannst Du auch alle Module belegen. Sieh Dir <a href="https://www.exner-firmenbetreuung.de/?page_id=401"><strong>meinen Baukasten</strong></a> an.</p>



<div style="height:20px" aria-hidden="true" class="wp-block-spacer"></div>



<hr class="wp-block-separator"/>



<h2>Kurz und bündig &#8211; unbedingt beachten!</h2>



<hr class="wp-block-separator"/>



<h4>1. Was muss zwingend in Deine geschäftlichen E-Mails?</h4>



<p>Du weißt es selbst: Heute wird ein großer Teil der Geschäftspost per Mail abgewickelt. Das spart Kosten, Arbeitszeit, Papier und Archive. Für Deine dienstlichen Mails gibt es Vorschriften, deren Nichteinhaltung Ärger machen kann. In Deine geschäftlichen Mails <strong>müssen</strong> folgenden Abgaben:</p>



<ul><li>Dein <strong>vollständiger Firmenname</strong>, der mit dem im Handelsregister eingetragenen wörtlich übereinstimmen muss,</li><li>Die <strong>Rechtsform Deiner Gesellschaft</strong></li><li>Der <strong>Sitz Deiner Gesellschaft</strong></li><li>Das <strong>Registergericht</strong> und die <strong>Handelsregisternummer</strong></li><li>Alle <strong>Geschäftsführer</strong> mit Vor- und Zunamen und</li><li>Eine ladungsfähige <strong>Anschrift</strong>, also eine Adresse, unter der Du persönlich erreichbar bist (Dies gilt insbesondere für Freiberufler und Kleinunternehmer.)</li></ul>



<hr class="wp-block-separator"/>



<h4>2. Die Rechte Deiner Kunden</h4>



<p>Wahrscheinlich kennst Du diese längst. Damit es keine Unklarheiten gibt, hier eine Auflistung zum Nachsehen, <strong>&#8222;kurz und bündig&#8220;</strong> eben:</p>



<ul><li>Die/Deine <strong>Gewährleistung</strong> für neue Ware beträgt zwei Jahre.</li><li>Die zweijährige <strong>Gewährleistung</strong> ist auch für <strong>gebrauchte Ware</strong> möglich &#8211; denke an den Kauf von Gebrauchtwagen.</li><li>Handwerker und Dienstleister <strong>haften</strong> zwei Jahre, am Bau fünf Jahre für ihre Arbeit.</li><li>Dienstleister <strong>haften</strong> drei Jahre für ihre Arbeit.</li><li>Treten innerhalb von sechs Monaten nach dem Kauf des Produktes Mängel auf, trägst Du als Unternehmer die Beweislast dafür, dass Du ein einwandfreies Produkt verkauft hast.</li><li>Bei auftretenden Mängeln nach Ablauf von sechs Monaten liegt die Beweislast beim Kunden.</li><li>Der Kunde hat Anspruch auf Ersatz oder kostenfreie Reparatur. Wenn Reparatur oder Ersatzlieferung zweimal scheitern, kann der Kunde eine Minderung des Kaufpreises oder sogar die Vertragsauflösung verlangen.</li><li>Verfügt das Produkt nicht über die Eigenschaften, mit denen es beworben wurde, gilt dies als Sachmangel und löst Gewährleistungsansprüche des Kunden aus.</li><li>Fehlerhafte oder unverständliche Montageanleitungen gelten als Sachmangel.</li></ul>



<hr class="wp-block-separator"/>



<p><strong>Eine hervorragende Informationsquelle für Selbstständige und Kleinunternehmer bietet der VNR Verlag für Deutsche Wirtschaft mit seinem monatlich erscheinenden Magazin &#8222;Selbständig heute&#8220;.</strong></p>



<p>Im Internet ist diese Verlagsseite zu finden unter:  <a rel="noreferrer noopener" aria-label="www.selbststaendig-heute.de (öffnet in neuem Tab)" href="http://www.selbststaendig-heute.de" target="_blank"><strong>www.selbststaendig-heute.de</strong></a></p>



<p>Willst Du selbst das Magazin abonnieren, geht das mithilfe der beiden folgenden Nummern:</p>



<p>Tel.: 0228 9550 145<br>Fax: 0228 3696 480</p>



<p>oder einer E-Mail an diese Adresse:<strong> </strong><a rel="noreferrer noopener" aria-label="kundenservice@vnr.de (öffnet in neuem Tab)" href="mailto:kundenservice@vnr.de" target="_blank"><strong>kundenservice@vnr.de</strong></a></p>



<hr class="wp-block-separator"/>

<p>Modulbaukasten &#8211; Herzensbusiness Seit wenigen Tagen ist das Angebot meines Modulbaukastens-Herzensbusiness fertig. Du findest ihn unter meinem Coaching-Reiter oder direkt hier.Wenn Dir einzelne Bereiche Deiner neuen, sehr eigenverantwortlichen Tätigkeit nicht ganz klar sind, oder wenn Du Fragen zu bestimmten Aufgabengebieten hast, ist dieses System ein praktisches &#8222;Helferlein&#8220;. Natürlich kannst Du auch alle Module belegen. Sieh <a class="read-more" href="https://www.exner-firmenbetreuung.de/?page_id=40">Read More</a></p>
