{"id":36,"date":"2019-08-13T11:59:37","date_gmt":"2019-08-13T09:59:37","guid":{"rendered":"http:\/\/w509mfanf.homepage.t-online.de\/wordpress\/?page_id=36"},"modified":"2021-07-05T14:59:21","modified_gmt":"2021-07-05T12:59:21","slug":"kontakt","status":"publish","type":"page","link":"https:\/\/www.exner-firmenbetreuung.de\/?page_id=36","title":{"rendered":"Kontakt"},"content":{"rendered":"\n<p>Ich stehe Dir f\u00fcr jede fachliche und\/oder organisatorische Frage zur Verf\u00fcgung und antworte so schnell wie m\u00f6glich.<\/p>\n\n\n\n<div class=\"wpcf7 no-js\" id=\"wpcf7-f127-o1\" lang=\"de-DE\" dir=\"ltr\">\n<div class=\"screen-reader-response\"><p role=\"status\" aria-live=\"polite\" aria-atomic=\"true\"><\/p> <ul><\/ul><\/div>\n<form action=\"\/index.php?rest_route=%2Fwp%2Fv2%2Fpages%2F36#wpcf7-f127-o1\" method=\"post\" class=\"wpcf7-form init\" aria-label=\"Kontaktformular\" novalidate=\"novalidate\" data-status=\"init\">\n<div style=\"display: none;\">\n<input type=\"hidden\" name=\"_wpcf7\" value=\"127\" \/>\n<input type=\"hidden\" name=\"_wpcf7_version\" value=\"5.7.1\" \/>\n<input type=\"hidden\" name=\"_wpcf7_locale\" value=\"de_DE\" \/>\n<input type=\"hidden\" name=\"_wpcf7_unit_tag\" value=\"wpcf7-f127-o1\" \/>\n<input type=\"hidden\" name=\"_wpcf7_container_post\" value=\"0\" \/>\n<input type=\"hidden\" name=\"_wpcf7_posted_data_hash\" value=\"\" \/>\n<\/div>\n<p><label> Dein Name *<br \/>\n<span class=\"wpcf7-form-control-wrap\" data-name=\"your-name\"><input size=\"40\" class=\"wpcf7-form-control wpcf7-text wpcf7-validates-as-required\" aria-required=\"true\" aria-invalid=\"false\" value=\"\" type=\"text\" name=\"your-name\" \/><\/span> <\/label>\n<\/p>\n<p><label> Deine E-Mail-Adresse *<br \/>\n<span class=\"wpcf7-form-control-wrap\" data-name=\"your-email\"><input size=\"40\" class=\"wpcf7-form-control wpcf7-text wpcf7-email wpcf7-validates-as-required wpcf7-validates-as-email\" aria-required=\"true\" aria-invalid=\"false\" value=\"\" type=\"email\" name=\"your-email\" \/><\/span> <\/label>\n<\/p>\n<p><label> Betreff *<br \/>\n<span class=\"wpcf7-form-control-wrap\" data-name=\"your-subject\"><input size=\"40\" class=\"wpcf7-form-control wpcf7-text\" aria-invalid=\"false\" value=\"\" type=\"text\" name=\"your-subject\" \/><\/span> <\/label>\n<\/p>\n<p><label> Deine Frage bzw. Deine Nachricht *<br \/>\n<span class=\"wpcf7-form-control-wrap\" data-name=\"your-message\"><textarea cols=\"40\" rows=\"10\" class=\"wpcf7-form-control wpcf7-textarea\" aria-invalid=\"false\" name=\"your-message\"><\/textarea><\/span> <\/label>\n<\/p>\n<p>* Zur Bearbeitung Deiner Anfrage m\u00fcssen diese Felder ausgef\u00fcllt sein.\n<\/p>\n<p>Gib hier eine Telefonnummer ein, wenn ich zur\u00fcckrufen darf.\n<\/p>\n<p><span class=\"wpcf7-form-control-wrap\" data-name=\"tel-66\"><input size=\"40\" class=\"wpcf7-form-control wpcf7-text wpcf7-tel wpcf7-validates-as-tel\" aria-invalid=\"false\" value=\"\" type=\"tel\" name=\"tel-66\" \/><\/span>\n<\/p>\n<p><input class=\"wpcf7-form-control has-spinner wpcf7-submit\" type=\"submit\" value=\"Senden\" \/>\n<\/p><div class=\"wpcf7-response-output\" aria-hidden=\"true\"><\/div><\/form><\/div>\n\n\n\n<p>Mit der Nutzung des &#8222;Senden&#8220;-Buttons, erkl\u00e4rst du dich damit einverstanden, dass ich Deine personenbezogenen Daten f\u00fcr die Bearbeitung Deiner Anfrage verwenden darf. Weitere Informationen entnimmst Du bitte meiner <a href=\"https:\/\/www.exner-firmenbetreuung.de\/?page_id=19\">Datenschutzerkl\u00e4rung<\/a>.<\/p>\n","protected":false},"excerpt":{"rendered":"<p>Ich stehe Dir f\u00fcr jede fachliche und\/oder organisatorische Frage zur Verf\u00fcgung und antworte so schnell wie m\u00f6glich. Mit der Nutzung des &#8222;Senden&#8220;-Buttons, erkl\u00e4rst du dich damit einverstanden, dass ich Deine personenbezogenen Daten f\u00fcr die Bearbeitung Deiner Anfrage verwenden darf. Weitere Informationen entnimmst Du bitte meiner Datenschutzerkl\u00e4rung.<\/p>\n","protected":false},"author":1,"featured_media":0,"parent":0,"menu_order":0,"comment_status":"closed","ping_status":"closed","template":"","meta":[],"_links":{"self":[{"href":"https:\/\/www.exner-firmenbetreuung.de\/index.php?rest_route=\/wp\/v2\/pages\/36"}],"collection":[{"href":"https:\/\/www.exner-firmenbetreuung.de\/index.php?rest_route=\/wp\/v2\/pages"}],"about":[{"href":"https:\/\/www.exner-firmenbetreuung.de\/index.php?rest_route=\/wp\/v2\/types\/page"}],"author":[{"embeddable":true,"href":"https:\/\/www.exner-firmenbetreuung.de\/index.php?rest_route=\/wp\/v2\/users\/1"}],"replies":[{"embeddable":true,"href":"https:\/\/www.exner-firmenbetreuung.de\/index.php?rest_route=%2Fwp%2Fv2%2Fcomments&post=36"}],"version-history":[{"count":10,"href":"https:\/\/www.exner-firmenbetreuung.de\/index.php?rest_route=\/wp\/v2\/pages\/36\/revisions"}],"predecessor-version":[{"id":483,"href":"https:\/\/www.exner-firmenbetreuung.de\/index.php?rest_route=\/wp\/v2\/pages\/36\/revisions\/483"}],"wp:attachment":[{"href":"https:\/\/www.exner-firmenbetreuung.de\/index.php?rest_route=%2Fwp%2Fv2%2Fmedia&parent=36"}],"curies":[{"name":"wp","href":"https:\/\/api.w.org\/{rel}","templated":true}]}}

<p>Ich stehe Dir für jede fachliche und/oder organisatorische Frage zur Verfügung und antworte so schnell wie möglich.</p>



<div class="wpcf7 no-js" id="wpcf7-f127-o1" lang="de-DE" dir="ltr">
<div class="screen-reader-response"><p role="status" aria-live="polite" aria-atomic="true"></p> <ul></ul></div>
<form action="/index.php?rest_route=%2Fwp%2Fv2%2Fpages%2F36#wpcf7-f127-o1" method="post" class="wpcf7-form init" aria-label="Kontaktformular" novalidate="novalidate" data-status="init">
<div style="display: none;">
<input type="hidden" name="_wpcf7" value="127" />
<input type="hidden" name="_wpcf7_version" value="5.7.1" />
<input type="hidden" name="_wpcf7_locale" value="de_DE" />
<input type="hidden" name="_wpcf7_unit_tag" value="wpcf7-f127-o1" />
<input type="hidden" name="_wpcf7_container_post" value="0" />
<input type="hidden" name="_wpcf7_posted_data_hash" value="" />
</div>
<p><label> Dein Name *<br />
<span class="wpcf7-form-control-wrap" data-name="your-name"><input size="40" class="wpcf7-form-control wpcf7-text wpcf7-validates-as-required" aria-required="true" aria-invalid="false" value="" type="text" name="your-name" /></span> </label>
</p>
<p><label> Deine E-Mail-Adresse *<br />
<span class="wpcf7-form-control-wrap" data-name="your-email"><input size="40" class="wpcf7-form-control wpcf7-text wpcf7-email wpcf7-validates-as-required wpcf7-validates-as-email" aria-required="true" aria-invalid="false" value="" type="email" name="your-email" /></span> </label>
</p>
<p><label> Betreff *<br />
<span class="wpcf7-form-control-wrap" data-name="your-subject"><input size="40" class="wpcf7-form-control wpcf7-text" aria-invalid="false" value="" type="text" name="your-subject" /></span> </label>
</p>
<p><label> Deine Frage bzw. Deine Nachricht *<br />
<span class="wpcf7-form-control-wrap" data-name="your-message"><textarea cols="40" rows="10" class="wpcf7-form-control wpcf7-textarea" aria-invalid="false" name="your-message"></textarea></span> </label>
</p>
<p>* Zur Bearbeitung Deiner Anfrage müssen diese Felder ausgefüllt sein.
</p>
<p>Gib hier eine Telefonnummer ein, wenn ich zurückrufen darf.
</p>
<p><span class="wpcf7-form-control-wrap" data-name="tel-66"><input size="40" class="wpcf7-form-control wpcf7-text wpcf7-tel wpcf7-validates-as-tel" aria-invalid="false" value="" type="tel" name="tel-66" /></span>
</p>
<p><input class="wpcf7-form-control has-spinner wpcf7-submit" type="submit" value="Senden" />
</p><div class="wpcf7-response-output" aria-hidden="true"></div></form></div>



<p>Mit der Nutzung des &#8222;Senden&#8220;-Buttons, erklärst du dich damit einverstanden, dass ich Deine personenbezogenen Daten für die Bearbeitung Deiner Anfrage verwenden darf. Weitere Informationen entnimmst Du bitte meiner <a href="https://www.exner-firmenbetreuung.de/?page_id=19">Datenschutzerklärung</a>.</p>

<p>Ich stehe Dir für jede fachliche und/oder organisatorische Frage zur Verfügung und antworte so schnell wie möglich. Mit der Nutzung des &#8222;Senden&#8220;-Buttons, erklärst du dich damit einverstanden, dass ich Deine personenbezogenen Daten für die Bearbeitung Deiner Anfrage verwenden darf. Weitere Informationen entnimmst Du bitte meiner Datenschutzerklärung.</p>
